ghest common factor of 6060 and 2540?
20
Calculate the greatest common divisor of 42 and 177114.
42
What is the greatest common divisor of 76646 and 418?
38
Calculate the greatest common divisor of 9723 and 357.
21
Calculate the highest common divisor of 1884 and 2820.
12
What is the highest common divisor of 79853 and 94?
47
Calculate the greatest common factor of 288 and 603.
9
Calculate the highest common factor of 208202 and 3268.
38
Calculate the greatest common divisor of 23693 and 19.
19
Calculate the greatest common factor of 452 and 1465949.
113
What is the greatest common divisor of 120 and 199000?
40
Calculate the greatest common factor of 170 and 14830.
10
What is the highest common divisor of 3650 and 800?
50
Calculate the highest common divisor of 9856 and 550.
22
What is the highest common divisor of 1503 and 7181?
167
Calculate the greatest common divisor of 973 and 637.
7
What is the highest common divisor of 4257 and 18540?
9
What is the highest common factor of 154234 and 134?
134
Calculate the greatest common factor of 1150 and 3875.
25
Calculate the greatest common factor of 252 and 1827.
63
Calculate the greatest common factor of 8 and 180556.
4
What is the greatest common factor of 559394 and 141?
47
Calculate the greatest common factor of 290466 and 72.
18
Calculate the greatest common factor of 5 and 5679.
1
What is the highest common divisor of 399 and 2603?
19
Calculate the greatest common factor of 195846 and 1008.
42
What is the highest common divisor of 536 and 11960?
8
What is the greatest common factor of 2464071 and 1467?
489
What is the highest common divisor of 75561 and 566?
283
Calculate the greatest common factor of 3 and 66873.
3
Calculate the greatest common factor of 26287 and 194.
97
Calculate the highest common divisor of 354 and 174.
6
Calculate the greatest common factor of 275 and 416425.
25
Calculate the highest common divisor of 132 and 7557.
33
What is the highest common factor of 10064 and 3859?
17
Calculate the greatest common divisor of 266 and 507129.
133
Calculate the highest common factor of 749637 and 365.
73
What is the highest common divisor of 11184 and 382353?
699
Calculate the highest common factor of 8236 and 852.
284
Calculate the highest common divisor of 3444 and 3486.
42
Calculate the highest common divisor of 321 and 7653.
3
Calculate the greatest common divisor of 72 and 31764.
12
What is the greatest common factor of 22096 and 16?
16
What is the greatest common factor of 23 and 1593095?
23
Calculate the highest common divisor of 600 and 128.
8
Calculate the highest common divisor of 246900 and 975.
75
What is the highest common factor of 190 and 71130?
10
Calculate the highest common divisor of 168 and 890820.
84
What is the highest common factor of 178072 and 128?
8
What is the greatest common divisor of 510338 and 6104?
218
What is the highest common divisor of 61680 and 10?
10
Calculate the greatest common divisor of 12886 and 34.
34
What is the highest common divisor of 1305 and 165?
15
What is the greatest common factor of 275 and 50105?
55
What is the highest common factor of 702 and 15522?
78
What is the greatest common divisor of 132022 and 6354?
706
What is the greatest common divisor of 24760 and 80?
40
Calculate the highest common factor of 116251 and 101.
101
Calculate the highest common divisor of 3906 and 54.
18
What is the highest common factor of 32480 and 2?
2
Calculate the highest common divisor of 84 and 1748.
4
What is the highest common factor of 52 and 4136509?
13
What is the greatest common factor of 807 and 11079?
3
What is the greatest common divisor of 10 and 522010?
10
What is the highest common divisor of 112728 and 336?
168
What is the greatest common factor of 7726249 and 131?
131
Calculate the highest common divisor of 11718 and 1488.
186
Calculate the greatest common divisor of 400 and 149200.
400
Calculate the greatest common divisor of 10170 and 890.
10
Calculate the greatest common factor of 188 and 2410724.
188
Calculate the highest common factor of 1881 and 298881.
99
What is the greatest common divisor of 72065 and 290?
145
Calculate the greatest common factor of 576 and 29418.
6
What is the greatest common divisor of 40679 and 171?
19
What is the highest common factor of 1028 and 8009148?
1028
What is the greatest common factor of 819 and 5382?
117
What is the greatest common factor of 3441 and 53754?
93
Calculate the highest common divisor of 180 and 963804.
12
What is the greatest common divisor of 5365983 and 21?
21
What is the highest common divisor of 38 and 63062?
2
Calculate the greatest common divisor of 176 and 17468.
44
What is the highest common divisor of 1169 and 835?
167
Calculate the highest common factor of 2680 and 71288.
536
What is the greatest common divisor of 2673 and 206118?
297
What is the highest common divisor of 54890 and 2024?
22
Calculate the highest common divisor of 164060 and 260.
260
What is the greatest common factor of 457769 and 169?
13
Calculate the greatest common factor of 6390 and 1030.
10
Calculate the greatest common divisor of 275 and 359865.
55
What is the highest common divisor of 1235 and 416?
13
Calculate the greatest common factor of 69687 and 32841.
801
Calculate the highest common divisor of 11 and 41209.
1
What is the highest common divisor of 671 and 11143?
11
What is the highest common factor of 11952 and 1872?
144
Calculate the highest common divisor of 93996 and 1008.
252
Calculate the highest common divisor of 2794230 and 108.
54
What is the greatest common factor of 70 and 37065?
35
Calculate the greatest common divisor of 10523 and 155369.
619
Calculate the greatest common divisor of 104148 and 5544.
396
Calculate the greatest common divisor of 162 and 974430.
162
Calculate the highest common divisor of 5510 and 1064.
38
Calculate the highest common factor of 2222 and 89254.
22
What is the greatest common divisor of 5 and 789065?
5
Calculate the greatest common divisor of 474 and 22914.
6
Calculate the greatest common factor of 57036 and 28324.
388
What is the highest common factor of 150660 and 135?
135
Calculate the greatest common factor of 444 and 1990008.
444
What is the highest common divisor of 2299 and 374?
11
Calculate the highest common divisor of 670603 and 67.
67
What is the greatest common factor of 135493 and 23?
23
What is the greatest common divisor of 46 and 2672554?
46
Calculate the highest common factor of 155 and 205685.
155
What is the greatest common divisor of 8722 and 21707?
49
Calculate the greatest common divisor of 172645 and 1419.
473
Calculate the highest common divisor of 40392 and 3213.
459
Calculate the highest common factor of 61 and 36.
1
What is the greatest common divisor of 1190 and 257635?
595
What is the greatest common factor of 160 and 29990?
10
What is the greatest common divisor of 12765 and 555?
555
What is the highest common factor of 5929 and 63?
7
What is the greatest common divisor of 33 and 1227?
3
What is the greatest common factor of 95 and 46018?
19
What is the highest common factor of 737 and 375133?
737
Calculate the greatest common factor of 1582 and 17.
1
What is the highest common factor of 36549 and 1953?
279
Calculate the highest common factor of 656712 and 189.
63
What is the highest common factor of 1022091 and 833?
833
Calculate the highest common divisor of 4635 and 1035.
45
What is the highest common factor of 4515 and 17520?
15
What is the greatest common divisor of 14278 and 2178?
242
Calculate the greatest common factor of 1788 and 24.
12
What is the greatest common divisor of 192 and 185344?
64
Calculate the highest common divisor of 123687 and 509.
509
What is the greatest common factor of 1745800 and 348?
116
What is the highest common divisor of 326 and 314?
2
Calculate the greatest common divisor of 84 and 11226.
6
Calculate the highest common divisor of 1180 and 60.
20
Calculate the highest common divisor of 35174 and 774.
86
What is the highest common divisor of 14144 and 3757?
221
What is the greatest common factor of 53 and 8745?
53
Calculate the highest common factor of 7 and 86611.
7
What is the highest common divisor of 459717 and 1758?
879
Calculate the greatest common divisor of 326180 and 1504.
